{"version":"1.0","provider_name":"e-Cristians","provider_url":"https:\/\/e-cristians.cat\/es\/","author_name":"e-Cristians","author_url":"https:\/\/e-cristians.cat\/es\/author\/mar\/","title":"40 D\u00edas por la Vida organiza una odoraci\u00f3n en Barcelona - e-Cristians","type":"rich","width":600,"height":338,"html":"<blockquote class=\"wp-embedded-content\" data-secret=\"0qma3ASACC\"><a href=\"https:\/\/e-cristians.cat\/es\/40-dias-vida-organiza-odoracion-barcelona\/\">40 D\u00edas por la Vida organiza una odoraci\u00f3n en Barcelona<\/a><\/blockquote><iframe sandbox=\"allow-scripts\" security=\"restricted\" src=\"https:\/\/e-cristians.cat\/es\/40-dias-vida-organiza-odoracion-barcelona\/embed\/#?secret=0qma3ASACC\" width=\"600\" height=\"338\" title=\"&#8220;40 D\u00edas por la Vida organiza una odoraci\u00f3n en Barcelona&#8221; &#8212; e-Cristians\" data-secret=\"0qma3ASACC\" frameborder=\"0\" marginwidth=\"0\" marginheight=\"0\" scrolling=\"no\" class=\"wp-embedded-content\"><\/iframe><script>\n\/*! This file is auto-generated *\/\n!function(d,l){\"use strict\";l.querySelector&&d.addEventListener&&\"undefined\"!=typeof URL&&(d.wp=d.wp||{},d.wp.receiveEmbedMessage||(d.wp.receiveEmbedMessage=function(e){var t=e.data;if((t||t.secret||t.message||t.value)&&!\/[^a-zA-Z0-9]\/.test(t.secret)){for(var s,r,n,a=l.querySelectorAll('iframe[data-secret=\"'+t.secret+'\"]'),o=l.querySelectorAll('blockquote[data-secret=\"'+t.secret+'\"]'),c=new RegExp(\"^https?:$\",\"i\"),i=0;i<o.length;i++)o[i].style.display=\"none\";for(i=0;i<a.length;i++)s=a[i],e.source===s.contentWindow&&(s.removeAttribute(\"style\"),\"height\"===t.message?(1e3<(r=parseInt(t.value,10))?r=1e3:~~r<200&&(r=200),s.height=r):\"link\"===t.message&&(r=new URL(s.getAttribute(\"src\")),n=new URL(t.value),c.test(n.protocol))&&n.host===r.host&&l.activeElement===s&&(d.top.location.href=t.value))}},d.addEventListener(\"message\",d.wp.receiveEmbedMessage,!1),l.addEventListener(\"DOMContentLoaded\",function(){for(var e,t,s=l.querySelectorAll(\"iframe.wp-embedded-content\"),r=0;r<s.length;r++)(t=(e=s[r]).getAttribute(\"data-secret\"))||(t=Math.random().toString(36).substring(2,12),e.src+=\"#?secret=\"+t,e.setAttribute(\"data-secret\",t)),e.contentWindow.postMessage({message:\"ready\",secret:t},\"*\")},!1)))}(window,document);\n<\/script>\n","thumbnail_url":"https:\/\/e-cristians.cat\/wp-content\/uploads\/2022\/10\/IMG-20221024-WA0000-2.jpg","thumbnail_width":1101,"thumbnail_height":669,"description":"Adoraci\u00f3n reparadora vigilia de Todos los Santos D\u00eda: Lunes, 31 de octubre de 2022 Lugar: Parroquia de Sant Vicen\u00e7 de Sarri\u00e0 (c\/ Rector Volt\u00e0, 5, Bcn) Horario: 20:15h &#8211; Misa 21:15h &#8211; Santo Rosario 22:00h &#8211; Adoraci\u00f3n con Hakuna 01:00h &#8211; Turnos de adoraci\u00f3n 07:00h &#8211; Fin"}

40 Días por la Vida organiza una odoración en Barcelona - e-Cristians

<blockquote class="wp-embedded-content" data-secret="0qma3ASACC"><a href="https://e-cristians.cat/es/40-dias-vida-organiza-odoracion-barcelona/">40 Días por la Vida organiza una odoración en Barcelona</a></blockquote><iframe sandbox="allow-scripts" security="restricted" src="https://e-cristians.cat/es/40-dias-vida-organiza-odoracion-barcelona/embed/#?secret=0qma3ASACC" width="600" height="338" title="&#8220;40 Días por la Vida organiza una odoración en Barcelona&#8221; &#8212; e-Cristians" data-secret="0qma3ASACC" frameborder="0" marginwidth="0" marginheight="0" scrolling="no" class="wp-embedded-content"></iframe><script>
/*! This file is auto-generated */
!function(d,l){"use strict";l.querySelector&&d.addEventListener&&"undefined"!=typeof URL&&(d.wp=d.wp||{},d.wp.receiveEmbedMessage||(d.wp.receiveEmbedMessage=function(e){var t=e.data;if((t||t.secret||t.message||t.value)&&!/[^a-zA-Z0-9]/.test(t.secret)){for(var s,r,n,a=l.querySelectorAll('iframe[data-secret="'+t.secret+'"]'),o=l.querySelectorAll('blockquote[data-secret="'+t.secret+'"]'),c=new RegExp("^https?:$","i"),i=0;i<o.length;i++)o[i].style.display="none";for(i=0;i<a.length;i++)s=a[i],e.source===s.contentWindow&&(s.removeAttribute("style"),"height"===t.message?(1e3<(r=parseInt(t.value,10))?r=1e3:~~r<200&&(r=200),s.height=r):"link"===t.message&&(r=new URL(s.getAttribute("src")),n=new URL(t.value),c.test(n.protocol))&&n.host===r.host&&l.activeElement===s&&(d.top.location.href=t.value))}},d.addEventListener("message",d.wp.receiveEmbedMessage,!1),l.addEventListener("DOMContentLoaded",function(){for(var e,t,s=l.querySelectorAll("iframe.wp-embedded-content"),r=0;r<s.length;r++)(t=(e=s[r]).getAttribute("data-secret"))||(t=Math.random().toString(36).substring(2,12),e.src+="#?secret="+t,e.setAttribute("data-secret",t)),e.contentWindow.postMessage({message:"ready",secret:t},"*")},!1)))}(window,document);
</script>

Adoración reparadora vigilia de Todos los Santos Día: Lunes, 31 de octubre de 2022 Lugar: Parroquia de Sant Vicenç de Sarrià (c/ Rector Voltà, 5, Bcn) Horario: 20:15h &#8211; Misa 21:15h &#8211; Santo Rosario 22:00h &#8211; Adoración con Hakuna 01:00h &#8211; Turnos de adoración 07:00h &#8211; Fin
