{"version":"1.0","provider_name":"e-Cristians","provider_url":"https:\/\/e-cristians.cat\/es\/","author_name":"e-Cristians","author_url":"https:\/\/e-cristians.cat\/es\/author\/mar\/","title":"XXV Congreso Nacional Provida \"\u00a1En la brecha!\" - e-Cristians","type":"rich","width":600,"height":338,"html":"<blockquote class=\"wp-embedded-content\" data-secret=\"gBcun61qYu\"><a href=\"https:\/\/e-cristians.cat\/es\/xxv-congreso-nacional-provida-en-la-brecha\/\">XXV Congreso Nacional Provida &#8220;\u00a1En la brecha!&#8221;<\/a><\/blockquote><iframe sandbox=\"allow-scripts\" security=\"restricted\" src=\"https:\/\/e-cristians.cat\/es\/xxv-congreso-nacional-provida-en-la-brecha\/embed\/#?secret=gBcun61qYu\" width=\"600\" height=\"338\" title=\"&#8220;XXV Congreso Nacional Provida &#8220;\u00a1En la brecha!&#8221;&#8221; &#8212; e-Cristians\" data-secret=\"gBcun61qYu\" frameborder=\"0\" marginwidth=\"0\" marginheight=\"0\" scrolling=\"no\" class=\"wp-embedded-content\"><\/iframe><script>\n\/*! This file is auto-generated *\/\n!function(d,l){\"use strict\";l.querySelector&&d.addEventListener&&\"undefined\"!=typeof URL&&(d.wp=d.wp||{},d.wp.receiveEmbedMessage||(d.wp.receiveEmbedMessage=function(e){var t=e.data;if((t||t.secret||t.message||t.value)&&!\/[^a-zA-Z0-9]\/.test(t.secret)){for(var s,r,n,a=l.querySelectorAll('iframe[data-secret=\"'+t.secret+'\"]'),o=l.querySelectorAll('blockquote[data-secret=\"'+t.secret+'\"]'),c=new RegExp(\"^https?:$\",\"i\"),i=0;i<o.length;i++)o[i].style.display=\"none\";for(i=0;i<a.length;i++)s=a[i],e.source===s.contentWindow&&(s.removeAttribute(\"style\"),\"height\"===t.message?(1e3<(r=parseInt(t.value,10))?r=1e3:~~r<200&&(r=200),s.height=r):\"link\"===t.message&&(r=new URL(s.getAttribute(\"src\")),n=new URL(t.value),c.test(n.protocol))&&n.host===r.host&&l.activeElement===s&&(d.top.location.href=t.value))}},d.addEventListener(\"message\",d.wp.receiveEmbedMessage,!1),l.addEventListener(\"DOMContentLoaded\",function(){for(var e,t,s=l.querySelectorAll(\"iframe.wp-embedded-content\"),r=0;r<s.length;r++)(t=(e=s[r]).getAttribute(\"data-secret\"))||(t=Math.random().toString(36).substring(2,12),e.src+=\"#?secret=\"+t,e.setAttribute(\"data-secret\",t)),e.contentWindow.postMessage({message:\"ready\",secret:t},\"*\")},!1)))}(window,document);\n<\/script>\n","thumbnail_url":"https:\/\/e-cristians.cat\/wp-content\/uploads\/2023\/02\/provida.jpg","thumbnail_width":601,"thumbnail_height":855,"description":"Los \u00faltimos congresos organizados por la Federaci\u00f3n Espa\u00f1ola de Asociaciones Provida ten\u00edan como lema: \u00abTodos somos importantes, todos somos necesarios\u00bb, \u00abLa vida es una carrera de fondo\u00bb, \u00abEl lenguaje de la vida\u00bb (todos ellos se pueden visualizar en nuestro canal de Youtube).\u00a0 En esta vig\u00e9simo quinta edici\u00f3n, hemos elegido un lema breve, pero intenso y..."}

Los últimos congresos organizados por la Federación Española de Asociaciones Provida tenían como lema: «Todos somos importantes, todos somos necesarios», «La vida es una carrera de fondo», «El lenguaje de la vida» (todos ellos se pueden visualizar en nuestro canal de Youtube).  En esta vigésimo quinta edición, hemos elegido un lema breve, pero intenso y...
